pose -5*i + 5*k = -2825, i + 15 = 4*k + 589. Suppose -227 = -3*b + i. Suppose 4*f - b = 53. Is f a composite number?
False
Let p be 9/2*4/3. Suppose r + 0*r - p = 0. Is (r/(-1) + 1)*-11 a composite number?
True
Let j(u) = 11*u**2. Let a be j(1). Let c = a - 5. Suppose 0 = 3*f - 5*f + c. Is f a prime number?
True
Suppose 5*b - 5*f = 6775, 3*f = -f - 16. Is b prime?
False
Let o(v) = -v - 1. Let q be o(-7). Let f(y) = y**3 - 6*y**2 + 8*y + 5. Is f(q) composite?
False
Let q be 4 + -1 + (3 - -4). Is q*1*(-18)/(-12) prime?
False
Let t(i) = 31*i**2 + 5*i - 2. Let m be t(-4). Let x be (5/(-2))/((-3)/m). Suppose 14 = -3*c + x. Is c prime?
True
Let p(t) = 3*t + 42*t**3 - 4*t**3 - 2*t + 6*t**3. Let x be p(1). Suppose -7*w + 5*z = -2*w - x, -3*z + 6 = 0. Is w composite?
False
Let u(n) = -n**3 - 6*n**2 - 4*n - 9. Let y(f) = f**2 + 8*f + 6. Let s be y(-7). Let p be s - (0 - (-15)/3). Is u(p) prime?
False
Let b = 1844 + -789. Is b prime?
False
Let z = 9061 + -4360. Is z a prime number?
False
Let a(w) = w - 2. Let x be a(4). Let p(c) = 13*c**2 - c + 1. Let j be p(3). Suppose -2*o - i + 3*i = -52, 5*o - x*i = j. Is o a composite number?
True
Suppose u + u = 2*z + 340, -3 = 3*z. Is u composite?
True
Suppose 0 = -2*t - 4*h + 30, -3*h + 19 = 3*t - 2*t. Let f = 16 - t. Is f prime?
False
Let m(d) = -d**3 + 5*d**2 + 6*d + 3. Let s be m(6). Suppose -s*j + 119 + 19 = 0. Is j a composite number?
True
Suppose 0 = -6*m + m + 15. Suppose n = 4*l + 25, -m*n + 2*l = -l - 93. Is n composite?
True
Let s be (1 + 2452/4)/2. Suppose -3*u = -s - 434. Is u a composite number?
True
Let b be (0 - 1) + 6/2. Let i(h) = 47*h**b + 33*h**2 - 2 - 2 + 3. Is i(-1) a prime number?
True
Let c = 597 - 16. Is c composite?
True
Suppose 5*h + 0*h = -2*m + 5859, 4676 = 4*h - 4*m. Is h a composite number?
False
Let x = -7 - -8. Is 1/3*x*261 composite?
True
Let p be (-1)/2*2 + 11. Suppose 3*j = -5*g - p, -2*j + 2*g + 3*g = -35. Let o(b) = 8*b**2 + 2*b - 7. Is o(j) a prime number?
False
Suppose -2*d - 2*d = -928. Suppose a = -5*z + 290, 0*a = -4*z - 5*a + d. Is z composite?
True
Let f(d) = d**3 + d**2 - 2*d - 1. Let v be f(-2). Let p = 3 + v. Suppose -2*u - 3*s + p*s = -72, -s + 2 = 0. Is u a prime number?
False
Let t be (50/(-4))/(4/(-8)). Suppose -2*h + 0*h - t = -r, -4*h - 80 = -4*r. Is r composite?
True
Suppose -5*c - 7*i + 5*i + 18351 = 0, -c + 2*i + 3675 = 0. Is c a prime number?
True
Let x be 1*6*4/8. Suppose 0 = 2*c - 1 - x. Is (-3)/(-1) - c*-16 a prime number?
False
Let y = -23 - -10. Is y/39 + 1916/6 prime?
False
Suppose 144 = 2*b + b. Let h = b + -22. Is h a composite number?
True
Suppose 16*w = 5*w + 1727. Is w composite?
False
Let a be (3 + -1)/2 + -24. Let p = 57 + a. Is p composite?
True
Suppose d + 72 - 179 = 0. Suppose -n + 4 = 0, -4*b + 0*b = 4*n - 240. Suppose l - d - b = 0. Is l prime?
True
Suppose 2*o = 2*u + 3*o - 840, u - 4*o - 411 = 0. Is u composite?
False
Is (-1058)/(-1) + 36/12 a composite number?
False
Suppose -n + 5*f = -809, -4*n + 4*f + 1123 = -2081. Is n composite?
True
Let u = 13 - 15. Is ((-2)/6)/(u/204) prime?
False
Suppose 4*r - 44 - 464 = 0. Is r composite?
False
Let l(d) = -d**3 - 21*d**2 - 21*d + 31. Is l(-20) composite?
True
Suppose 8 = -5*f + 3*f, -3*n + 94 = -4*f. Is n a prime number?
False
Let u(j) = 3*j**3 + j**2 - 2*j + 1. Let v be u(1). Let r(w) = v - 2 + 1 - 11*w. Is r(-5) a prime number?
False
Is (-4)/36*3*-393 composite?
False
Suppose 0 = 3*h - 8 + 2. Let m = -34 + 38. Suppose m*z - 59 = h*z + k, 46 = z + 5*k. Is z composite?
False
Let z = 150 - 254. Let b be 1218/8 + 9/12. Let t = b + z. Is t a composite number?
True
Let j(l) be the second derivative of -l**5/20 + l**3/6 + 133*l**2/2 + 3*l. Is j(0) composite?
True
Suppose -537 = -5*t - 2*i, i = 3*t - i - 335. Is t prime?
True
Let a be (-3)/(-3) + 1 + 2. Let b = -2 - a. Let v(p) = -8*p + 5. Is v(b) a prime number?
True
Let c = -2323 - -5044. Is c prime?
False
Let c(x) = -7*x**2 - 9*x - 5. Let g(l) = -l**2 + l - 1. Let r(u) = c(u) - 6*g(u). Is r(-9) prime?
False
Suppose 13*b = 9*b + 16. Let z(r) = -55*r**3 - b*r**2 + r + 3 - 3 + 5*r**2. Is z(-1) prime?
False
Let v = -380 - -899. Is v a prime number?
False
Suppose 0 = 26*w - 29*w + 4443. Is w prime?
True
Let h(s) = 8*s**2 + 9*s + 3. Is h(18) prime?
False
Let l = -3432 + 10369. Is l a prime number?
False
Let k = 361 + -246. Is k composite?
True
Suppose 5*w + 426 = 1211. Is w a composite number?
False
Suppose -70 + 245 = 5*y. Suppose -f + 436 - y = 0. Is f composite?
False
Let s(a) = 5*a - 4 + 4 - 5 + 27*a**2. Is s(2) a prime number?
True
Let s(y) = 71*y**2 - y - 7. Is s(8) prime?
False
Suppose -2*y + 743 = -y. Is y a prime number?
True
Suppose 0 = -6*q + 4*q + 1764. Suppose 140 = -2*o + q. Is o prime?
False
Let x(k) = -k**2 + 28*k - 13. Is x(12) composite?
False
Let j(t) be the second derivative of 0 + 5/6*t**3 - 5/2*t**2 - 2/3*t**4 + 1/20*t**5 - t. Is j(9) a prime number?
False
Suppose 381 = -9*c + 10*c. Is c composite?
True
Let s = 1785 - 92. Is s prime?
True
Let b = -15 + 11. Let z be -1*(b - 1) + 1. Suppose 0 = z*f - 2*f - 44. Is f prime?
True
Let t(b) = -5*b + 1. Let g be t(-1). Is ((-133)/(-21))/(2/g) prime?
True
Suppose -3*g - 4*i = -0*g - 910, 3*i = -4*g + 1211. Let h = g + -74. Suppose 0*v = 4*v - h. Is v a composite number?
True
Suppose -5*g + 0*g + 240 = 0. Suppose -2*w + g = -68. Is w a composite number?
True
Let a = 2 + 77. Is a composite?
False
Suppose 0*w + 515 = t + 3*w, -523 = -t + w. Is t a prime number?
True
Is ((-4)/6)/(16/(-15720)) composite?
True
Let w be 318/4 - (-3)/2. Suppose 3*z - 383 = 4*o, 2*z - 2*o = 339 - w. Is z a prime number?
False
Let r = 13 - -28. Let c = r + 18. Is c composite?
False
Let i(r) = r**2 - 4*r + 3. Let l be i(5). Let j = 5 - l. Is (-1 + 16*-1)*j prime?
False
Let u(g) = -5*g**2 - 37*g + 31. Let d(a) = -3*a**2 - 25*a + 21. Let k(j) = -8*d(j) + 5*u(j). Let y(w) = w**2 - 5*w - 3. Let i be y(7). Is k(i) composite?
False
Suppose 2*i + 2*i = 2348. Is i a prime number?
True
Suppose 5*o - 28 = -8. Let z = o - 0. Suppose -340 = -z*p - 24. Is p prime?
True
Suppose -144 + 599 = 5*c. Let j = c - -66. Is j a composite number?
False
Suppose -2*v - 2*v + 1972 = 0. Is v prime?
False
Let h(n) = -7*n. Is h(-3) a prime number?
False
Suppose 0 = 3*f - f - 1522. Let u = f - 535. Is u prime?
False
Let x = 29 - 8. Suppose x = m - 34. Suppose 3*r + 251 = 5*k - 0*r, m = k - 3*r. Is k a prime number?
False
Let f = 3625 - -502. Is f a composite number?
False
Suppose y - 857 = -z - 2*z, -4*z + 5*y + 1111 = 0. Let g = -155 + z. Suppose -g = i - 502. Is i a composite number?
False
Let y = 713 + 1758. Is y a composite number?
True
Let z(c) = -339*c + 4. Let j be z(-3). Suppose -3*n + j = 5*x, -4*n - 3*x + 1354 = -0*x. Is n a prime number?
True
Let b = -18 - -13. Is (-4)/(-10) + (-28)/b a prime number?
False
Let k = -28 - -183. Is k a composite number?
True
Let w = -127 + 1176. Is w composite?
False
Suppose -2*d + 4*d = 0. Suppose x + 7*l - 2*l - 223 = d, 2*x - 433 = 3*l. Is x prime?
False
Suppose -75 = -3*n - 4*d + 2164, 0 = -n - d + 748. Is n a composite number?
True
Let o = 16 + -16. Suppose o*r = 2*r - 354. Is r composite?
True
Suppose -x = 5*s - 2182, -4*x - 2197 = -s - 4*s. Is s a composite number?
True
Let x be (-1)/(0 - (-3)/162). Let t = x - -118. Suppose -5*i + t = -1. Is i composite?
False
Let r be 20/(-15)*(-15)/4. Suppose 220 = r*m - 115. Is m a prime number?
True
Let o(j) = -35*j + 7. Is o(-8) a prime number?
False
Let j = 522 - 125. Is j a composite number?
False
Suppose -49 = 5*b + 281. Let n = b - -161. Is n composite?
True
Let d = -1168 + 1985. Is d a composite number?
True
Let z be 3 + (1668/2 - 2). Suppose 11*r - z = 6*r. Is r a prime number?
True
Suppose c + 84 - 871 = 0. Is c composite?
False
Let h = 33 + -9. Suppose 0 = c - 7 - h. Let m = c + -17. Is m prime?
False
Is 0/2 - (20/(-5) - 2001) composite?
True
Let r(l) = l**3 + 24*l**2 - 1. Is r(-22) a prime number?
True
Let a(i) = 2*i**3 + 31*i**2 + 15*i - 23. Is a(-14) a prime number?
False
Let h be (-1)/(-3 + 136/44). Is (h/(-22))/(1/298) composite?
False
Is 19362/10 - 8*(-1)/10 composite?
True
Let j(q) = q**3 - 2*q**2 - 10*q + 13. Is j(6) prime?
True
Suppose 0*n + 310 = 5*n. Suppose p + 5*g - 48 = 2*p, 0 = 3*p + 5*g + 124. Let a = p + n. Is a a prime number?
True